*h - 14. Suppose 30 - 70 = -4*b. What is the tens digit of n(b)?
2
Suppose 35*a - 25623 - 82807 = 0. What is the thousands digit of a?
3
Let i be (14*-1)/(7 - 9). Suppose 0 = i*g - 4*g - 114. What is the units digit of g?
8
Let j(n) = 20*n**2 + 3*n. What is the units digit of j(-1)?
7
Let y = -54 - -56. Suppose -4*r = y*j - 128, -4*j - 54 = -4*r + 50. What is the tens digit of r?
3
Let w be 1/(545/135 - 4). Let n = 30 - w. What is the units digit of n?
3
Let v(x) = x**3 + 27*x**2 + 19*x - 7. What is the hundreds digit of v(-11)?
7
Suppose 6*s - s = -55. Let u = 69 - s. What is the tens digit of u?
8
Let s = 81 - 93. Let j = s + 31. What is the tens digit of j?
1
Let t(h) = h**2 - 20. Let m be t(-5). Suppose 0 = l - 4*n - 197, 4*n = m*l + n - 1053. What is the hundreds digit of l?
2
What is the hundreds digit of ((-8383)/(-166))/(6/4 + -1)?
1
Suppose -4879 = -8*j + j. What is the hundreds digit of j?
6
Let h = 166 + -100. Let t be -1*((0 - 0) + 37). Let f = t + h. What is the tens digit of f?
2
Let n = -87 + 125. Suppose -62 = -5*o + n. Let f = o - 17. What is the units digit of f?
3
Let w = -6 - -11. Suppose 178 = -3*k + 2*m + 800, 4*k = -4*m + 856. Suppose -2*s = w*u - 95, 0 = 4*s + u + 29 - k. What is the tens digit of s?
4
Suppose y + c + 5 = 0, y - 5*y + 3*c = 13. Suppose -2*b + b = -11. Let q = y + b. What is the units digit of q?
7
Let d be (-4810)/(-13) - (-2 + -1). Suppose 0 = -2*y - 3*y + 4*i + 560, 3*y + 5*i = d. What is the tens digit of y?
1
Suppose -5 = -5*g - 0*g - 5*l, -4*g - 10 = -3*l. Let z be (-3 - g)*2*-30. Suppose 0 = -3*v + 5*b + 56, 0*v + 5*v - z = 3*b. What is the tens digit of v?
2
Let v(q) = -30*q - 28. What is the tens digit of v(-18)?
1
Let z = -4 - -9. Suppose -z*u = -0*u - 55. What is the tens digit of 1*(u - (1 - 3))?
1
Let b(i) = -i**3 - 18*i**2 + 6*i + 196. What is the hundreds digit of b(-20)?
8
Let a(u) = -u**3 + 2 - 5*u + 4*u**3 + 5 + 8*u**2 - 2*u**3. What is the units digit of a(-7)?
1
Let b(v) = 52*v**2 - v + 11. What is the hundreds digit of b(3)?
4
Let o be (12/9)/((-1)/(-3)). Let m(t) = 32*t + 4. Let p be m(o). Suppose -4*u = 5*a - 2*u - 142, 0 = 4*a - 3*u - p. What is the units digit of a?
0
Suppose -5*p - 7 + 112 = 0. Let d(i) = -i + 22. Let t be d(9). Let k = p - t. What is the units digit of k?
8
Suppose 85*y + 2190 = 95*y. What is the units digit of y?
9
Let w(j) be the first derivative of -j**4/2 - 4*j**3/3 - j**2 + 2*j - 5. Let s = -53 + 50. What is the units digit of w(s)?
6
Let q = -18 - -18. Suppose d + 2 = -g, -5*g - 2*d + d + 6 = q. Suppose -2*k + 108 = g*k. What is the tens digit of k?
2
Suppose -4887 = -5*v + 4*g, -4*v - 3*g = -0*v - 3922. What is the units digit of v?
9
What is the hundreds digit of (-2 - -1 - -173) + 1?
1
Let c(x) be the first derivative of 7*x**5/60 + x**3/3 - 11*x**2/2 + 5. Let d(t) be the second derivative of c(t). What is the units digit of d(2)?
0
Let a(c) = 37. Let x(j) = j. Let l(i) = a(i) - x(i). What is the units digit of l(15)?
2
Let u = -348 + 655. What is the tens digit of u?
0
What is the units digit of (-12)/(-28)*(0 + 35)?
5
Suppose 40*m - 21537 = 90943. What is the units digit of m?
2
Let w(t) = -t + 3. Let l be w(3). Suppose s + 4*s + 810 = l. What is the tens digit of 1/(3/s*-3)?
1
Let r = -1337 + 2905. What is the hundreds digit of r?
5
Suppose -6*p = -p. Suppose 0 = 4*v - 4*h - p*h - 212, -153 = -3*v - 3*h. What is the units digit of v?
2
What is the units digit of 1902/((-28)/(-8) - (-1 + 3))?
8
Let u(w) = -110*w - 2. Let r be u(1). What is the tens digit of 2/(-2)*r/4?
2
Let u(n) = n**3 + 6*n**2 + 3*n - 6. Let d be u(-5). Suppose r = d*m - 2560, 150 - 790 = -m - r. What is the tens digit of (-6)/(-21) + m/14?
4
Let i = 2 - 1. What is the tens digit of ((-12)/(-18))/(i/((-1590)/(-4)))?
6
Suppose 3*j = -2*z - 76, -2*j - 25 - 19 = -2*z. Let x = j + 41. What is the units digit of x?
7
What is the tens digit of ((-693)/(-198))/(1/276)?
6
Let w(t) = 5*t**2 + 63*t - 271. What is the units digit of w(24)?
1
Suppose -2*y - 8*y = -0*y. Suppose y = 10*a - 393 + 53. What is the tens digit of a?
3
Let j(c) = c**2 + 9*c + 8. Let f be j(-12). Let t = f - 39. What is the units digit of t?
5
Let l be -2*((-102)/(-4) + -2). Let a = l + 105. What is the tens digit of a?
5
Suppose -8*l + 13*l = 7870. What is the thousands digit of l?
1
Let t be 308/(-24) + (-3)/18. Let f = t - -16. Let s = f - -11. What is the units digit of s?
4
Suppose -26*y = -31*y. Suppose 2*u + 7 - 23 = y. What is the units digit of u?
8
Let f = -546 - -676. What is the tens digit of f?
3
Let b(r) = r**2 + 7*r - 45. Suppose 3*v - 5*g = -40, 0 = 5*v + 5*g + 73 + 7. What is the units digit of b(v)?
5
Let y be (-419)/(-2) - -3*(-4)/24. Suppose -3*b + 3*n = -6*b + 141, 4*b - 3*n = y. What is the units digit of b?
0
Let w(d) = 28*d + 7. Let r be w(-7). Let a = 385 + r. What is the hundreds digit of a?
1
Suppose -h = -62 + 60. Suppose 3*d = h*o - 264, -2*o - 3*d + 132 = -o. What is the hundreds digit of o?
1
Suppose 14406 = 21*u - 2520. What is the hundreds digit of u?
8
Let n(l) = 26*l - 99. What is the tens digit of n(17)?
4
Let r be ((-270)/(-4))/5*-4. Suppose -4*n + 207 = -101. Let o = n + r. What is the tens digit of o?
2
Suppose -29*t = -31*t + 6. Suppose -t*w + p = -279, 4*p = 5*w + 7*p - 465. What is the units digit of w?
3
Suppose 2*f - 3720 - 718 = 0. What is the tens digit of f?
1
Let q = 360 - 243. What is the tens digit of q?
1
Let c(x) be the second derivative of 35*x**3/3 + x**2/2 - 5*x. What is the units digit of c(1)?
1
Let p = -202 - -379. Suppose 5*y = 4*q - p, 2*q - 5*y = q + 63. What is the tens digit of q?
3
Let w = -499 - -842. What is the units digit of w?
3
Let l = -571 + 1132. What is the tens digit of l?
6
Suppose 111*r + 957 = 114*r. What is the units digit of r?
9
Suppose -2*h = 24 - 222. Let n = -153 + h. Let g = -36 - n. What is the units digit of g?
8
What is the units digit of 2/(-6) - 22352/(-24)?
1
Suppose 2*l = -5*f + 891, 799 + 1346 = 5*l - 4*f. What is the units digit of l?
3
Let s(c) = -100*c + 97*c + 4*c**2 - 3*c**2 + 2. What is the units digit of s(-4)?
0
Let w(v) = v**2 + 6*v. Let y = -25 - -30. What is the tens digit of w(y)?
5
Suppose 2 = -r + 3*r. Let t be (5*(1 - 0))/r. Suppose p - 5*k = 34, p = -2*p + t*k + 92. What is the tens digit of p?
2
Let h = 174 - 80. Let c = h + -55. What is the tens digit of c?
3
Let d = -70 - -71. Let p be 530*(-2 + 14/4). What is the tens digit of p/45 + d/3?
1
Let m(f) = 5*f**3 + 6*f**2 + 3*f + 10. Let c(v) = -6*v**3 - 6*v**2 - 4*v - 11. Let z(u) = -4*c(u) - 5*m(u). What is the units digit of z(-7)?
6
Let f(d) = 2*d**3. Let p = 0 + 1. Let k be f(p). Suppose -k*u + 14 = -0. What is the units digit of u?
7
Let p(f) = f**3 - 6*f**2 - 6. Let k be p(6). Let x(a) = -a**3 + 1 - 3*a - 6*a - 5 + 1 - 7*a**2. What is the units digit of x(k)?
5
Suppose f + 3*f = 12. Let o(i) = 1 + 0*i - f + 7*i + 1. What is the tens digit of o(6)?
4
Let x(m) = -3*m**2 - 2*m**2 + m**3 + 2*m - 26 + 13. What is the units digit of x(7)?
9
Let s = 25 + -50. Let h be 108/5 + (-10)/s. Let y = h + -16. What is the units digit of y?
6
What is the units digit of (92/(-161))/(2/7) + 676?
4
Suppose -y + 2 = -0*y. Suppose -6*q + y*q + 112 = 0. What is the tens digit of q?
2
Let r = -1 - -5. Suppose -r*h = q - 138 - 12, -3*h + 3*q + 105 = 0. What is the units digit of h?
7
Suppose 5*v - 4*v = -19. Let l = v + 31. What is the units digit of l?
2
Let s(d) = -d**2 - 20*d - 13. Let t be s(-19). Suppose t*p = -291 - 213. What is the tens digit of (p/((-9)/(-3)))/(-2)?
1
Suppose 7*v - 30 = 12*v. Let d(n) = 8*n - 2*n**2 - 2*n**3 - 6 - 2*n**2 + n**3 + 2. What is the tens digit of d(v)?
2
Let d be (2 - 1)/(1/2). Suppose 4*k = -4*l, -5*k = d*l - 3*l. Suppose -3*c - 2*u + l*u = -84, 2*c = -5*u + 45. What is the units digit of c?
0
Suppose -31*w + 15 = -28*w, w + 8659 = 4*x. What is the units digit of x?
6
Let p(m) = -2*m - 15. Let s be p(-9). Let l be (-2 + (-3)/(-1))*s. Suppose -4*v + 141 + 64 = -l*h, -h - 103 = -2*v. What is the tens digit of v?
5
Let u(a) = -4*a**3 - a**2 - 3*a - 2. Let d be u(-1). Suppose 0 = -d*b + 4, -10*c + 5*c + 238 = 3*b. What is the tens digit of c?
4
Suppose 6*q + 95 + 61 = 0. Let a be q/(-7) - 14/(-49). What is the tens digit of 38 + -2 + a + -4?
3